{"id":5069,"date":"2024-04-26T09:45:46","date_gmt":"2024-04-26T12:45:46","guid":{"rendered":"https:\/\/lunelli.com.br\/site\/?page_id=5069"},"modified":"2024-05-03T10:38:11","modified_gmt":"2024-05-03T13:38:11","slug":"codigo-de-condducta","status":"publish","type":"page","link":"https:\/\/lunelli.com.br\/site\/index.php\/codigo-de-condducta\/?lang=es","title":{"rendered":"C\u00f3digo de Conducta"},"content":{"rendered":"\t\t<div data-elementor-type=\"wp-page\" data-elementor-id=\"5069\" data-post-id=\"5069\" data-obj-id=\"5069\" class=\"elementor elementor-5069 dce-elementor-post-5069\" data-elementor-settings=\"[]\">\n\t\t\t\t\t\t<div class=\"elementor-inner\">\n\t\t\t\t\t\t\t<div class=\"elementor-section-wrap\">\n\t\t\t\t\t\t\t<section class=\"has_ae_slider elementor-section elementor-top-section elementor-element elementor-element-a2dce6f elementor-section-boxed elementor-section-height-default elementor-section-height-default ae-bg-gallery-type-default\" data-id=\"a2dce6f\" data-element_type=\"section\">\n\t\t\t\t\t\t<div class=\"elementor-container elementor-column-gap-default\">\n\t\t\t\t\t\t\t<div class=\"elementor-row\">\n\t\t\t\t\t<div class=\"has_ae_slider elementor-column elementor-col-100 elementor-top-column elementor-element elementor-element-7c91b19 ae-bg-gallery-type-default\" data-id=\"7c91b19\" data-element_type=\"column\">\n\t\t\t<div class=\"elementor-column-wrap elementor-element-populated\">\n\t\t\t\t\t\t\t<div class=\"elementor-widget-wrap\">\n\t\t\t\t\t\t<div class=\"elementor-element elementor-element-ad1dc40 elementor-widget elementor-widget-text-editor\" data-id=\"ad1dc40\" data-element_type=\"widget\" data-widget_type=\"text-editor.default\">\n\t\t\t\t<div class=\"elementor-widget-container\">\n\t\t\t\t\t\t\t\t<div class=\"elementor-text-editor elementor-clearfix\">\n\t\t\t\t<p><span lang=\"es-419\">El C\u00f3digo de Conducta de Lunelli se elabor\u00f3 con base en nuestra ideolog\u00eda, valores y principios. El documento orienta nuestra conducta profesional y establece los est\u00e1ndares y actitudes que se consideran apropiadas para promover un excelente entorno laboral.<\/span><\/p><p><span lang=\"es-419\">Organizado en tres temas principales \u2013Medioambiente, Social y Gobernanza\u2013, el C\u00f3digo de Conducta refleja los tres pilares del t\u00e9rmino \u201cESG\u201d, fundamentales para la sostenibilidad de nuestro negocio. Adem\u00e1s de esta estructura, el documento tambi\u00e9n presenta qu\u00e9 Objetivos de Desarrollo Sostenible (ODS) de la ONU se vinculan a cada tema.<\/span><\/p><p><span lang=\"es-419\">Creemos que todos somos responsables de mantener los est\u00e1ndares y perfeccionar nuestros procesos, a fines de un negocio m\u00e1s sostenible y \u00e9tico para las personas y el planeta.<\/span><\/p><p><span lang=\"es-419\">El documento orienta y contribuye al soporte de nuestra cultura organizacional, y debe ser observado e incorporado por nuestros empleados en su vida diaria y en sus relaciones con todas las personas e instituciones.<\/span><\/p>\t\t\t\t\t<\/div>\n\t\t\t\t\t\t<\/div>\n\t\t\t\t<\/div>\n\t\t\t\t\t\t<\/div>\n\t\t\t\t\t<\/div>\n\t\t<\/div>\n\t\t\t\t\t\t\t\t<\/div>\n\t\t\t\t\t<\/div>\n\t\t<\/section>\n\t\t\t\t<section class=\"has_ae_slider elementor-section elementor-top-section elementor-element elementor-element-4753ccd elementor-section-boxed elementor-section-height-default elementor-section-height-default ae-bg-gallery-type-default\" data-id=\"4753ccd\" data-element_type=\"section\">\n\t\t\t\t\t\t<div class=\"elementor-container elementor-column-gap-default\">\n\t\t\t\t\t\t\t<div class=\"elementor-row\">\n\t\t\t\t\t<div class=\"has_ae_slider elementor-column elementor-col-50 elementor-top-column elementor-element elementor-element-7b5fb81 ae-bg-gallery-type-default\" data-id=\"7b5fb81\" data-element_type=\"column\">\n\t\t\t<div class=\"elementor-column-wrap elementor-element-populated\">\n\t\t\t\t\t\t\t<div class=\"elementor-widget-wrap\">\n\t\t\t\t\t\t<div class=\"elementor-element elementor-element-1a5e08b elementor-widget elementor-widget-image\" data-id=\"1a5e08b\" data-element_type=\"widget\" data-widget_type=\"image.default\">\n\t\t\t\t<div class=\"elementor-widget-container\">\n\t\t\t\t\t\t\t\t<div class=\"elementor-image\">\n\t\t\t\t\t\t\t\t\t<figure class=\"wp-caption\">\n\t\t\t\t\t\t\t\t\t\t\t<a href=\"https:\/\/lunelli.com.br\/site\/wp-content\/uploads\/2024\/04\/Codigo-de-Conduta-Colaboradores-Espanhol-capa.jpg\" data-elementor-open-lightbox=\"yes\" data-elementor-lightbox-title=\"C\u00f3digo de Conduta Colaboradores - Espanhol (capa)\">\n\t\t\t\t\t\t\t<img loading=\"lazy\" decoding=\"async\" width=\"211\" height=\"300\" src=\"https:\/\/lunelli.com.br\/site\/wp-content\/uploads\/2024\/04\/Codigo-de-Conduta-Colaboradores-Espanhol-capa-211x300.jpg\" class=\"attachment-medium size-medium\" alt=\"\" srcset=\"https:\/\/lunelli.com.br\/site\/wp-content\/uploads\/2024\/04\/Codigo-de-Conduta-Colaboradores-Espanhol-capa-211x300.jpg 211w, https:\/\/lunelli.com.br\/site\/wp-content\/uploads\/2024\/04\/Codigo-de-Conduta-Colaboradores-Espanhol-capa-722x1024.jpg 722w, https:\/\/lunelli.com.br\/site\/wp-content\/uploads\/2024\/04\/Codigo-de-Conduta-Colaboradores-Espanhol-capa-768x1089.jpg 768w, https:\/\/lunelli.com.br\/site\/wp-content\/uploads\/2024\/04\/Codigo-de-Conduta-Colaboradores-Espanhol-capa-1083x1536.jpg 1083w, https:\/\/lunelli.com.br\/site\/wp-content\/uploads\/2024\/04\/Codigo-de-Conduta-Colaboradores-Espanhol-capa-1444x2048.jpg 1444w, https:\/\/lunelli.com.br\/site\/wp-content\/uploads\/2024\/04\/Codigo-de-Conduta-Colaboradores-Espanhol-capa.jpg 1749w\" sizes=\"auto, (max-width: 211px) 100vw, 211px\" \/>\t\t\t\t\t\t\t\t<\/a>\n\t\t\t\t\t\t\t\t\t\t\t<figcaption class=\"widget-image-caption wp-caption-text\"><\/figcaption>\n\t\t\t\t\t\t\t\t\t\t<\/figure>\n\t\t\t\t\t\t\t\t<\/div>\n\t\t\t\t\t\t<\/div>\n\t\t\t\t<\/div>\n\t\t\t\t\t\t<\/div>\n\t\t\t\t\t<\/div>\n\t\t<\/div>\n\t\t\t\t<div class=\"has_ae_slider elementor-column elementor-col-50 elementor-top-column elementor-element elementor-element-01a3eb3 ae-bg-gallery-type-default\" data-id=\"01a3eb3\" data-element_type=\"column\">\n\t\t\t<div class=\"elementor-column-wrap elementor-element-populated\">\n\t\t\t\t\t\t\t<div class=\"elementor-widget-wrap\">\n\t\t\t\t\t\t<div class=\"elementor-element elementor-element-b5d4b09 elementor-align-center elementor-widget elementor-widget-button\" data-id=\"b5d4b09\" data-element_type=\"widget\" data-widget_type=\"button.default\">\n\t\t\t\t<div class=\"elementor-widget-container\">\n\t\t\t\t\t<div class=\"elementor-button-wrapper\">\n\t\t\t<a href=\"https:\/\/lunelli.com.br\/site\/wp-content\/uploads\/2024\/04\/Codigo-de-Conduta-Colaboradores-Espanhol.pdf?utm_colab=es\" class=\"elementor-button-link elementor-button elementor-size-sm\" role=\"button\">\n\t\t\t\t\t\t<span class=\"elementor-button-content-wrapper\">\n\t\t\t\t\t\t<span class=\"elementor-button-text\">C\u00f3digo de Conducta para Empleados<\/span>\n\t\t<\/span>\n\t\t\t\t\t<\/a>\n\t\t<\/div>\n\t\t\t\t<\/div>\n\t\t\t\t<\/div>\n\t\t\t\t\t\t<\/div>\n\t\t\t\t\t<\/div>\n\t\t<\/div>\n\t\t\t\t\t\t\t\t<\/div>\n\t\t\t\t\t<\/div>\n\t\t<\/section>\n\t\t\t\t<section class=\"has_ae_slider elementor-section elementor-top-section elementor-element elementor-element-dac3044 elementor-section-boxed elementor-section-height-default elementor-section-height-default ae-bg-gallery-type-default\" data-id=\"dac3044\" data-element_type=\"section\">\n\t\t\t\t\t\t<div class=\"elementor-container elementor-column-gap-default\">\n\t\t\t\t\t\t\t<div class=\"elementor-row\">\n\t\t\t\t\t<div class=\"has_ae_slider elementor-column elementor-col-100 elementor-top-column elementor-element elementor-element-8407ffd ae-bg-gallery-type-default\" data-id=\"8407ffd\" data-element_type=\"column\">\n\t\t\t<div class=\"elementor-column-wrap elementor-element-populated\">\n\t\t\t\t\t\t\t<div class=\"elementor-widget-wrap\">\n\t\t\t\t\t\t<div class=\"elementor-element elementor-element-70b5249 elementor-widget elementor-widget-text-editor\" data-id=\"70b5249\" data-element_type=\"widget\" data-widget_type=\"text-editor.default\">\n\t\t\t\t<div class=\"elementor-widget-container\">\n\t\t\t\t\t\t\t\t<div class=\"elementor-text-editor elementor-clearfix\">\n\t\t\t\t<p><span lang=\"es-419\">Para ampliar nuestro impacto positivo en la cadena de valor, tambi\u00e9n desarrollamos el C\u00f3digo de Conducta para Proveedores y Socios. Recomendamos que nuestros proveedores, prestadores de servicios, terceros y socios en general utilicen su propia red de suministro para difundir y consolidar los requisitos, par\u00e1metros y buenas pr\u00e1cticas descritos en este C\u00f3digo de Conducta, con el fin de ampliar su alcance. Lunelli tambi\u00e9n anima a sus proveedores a promover la adopci\u00f3n de un C\u00f3digo de Conducta dentro de su propia red de suministro.<\/span><\/p>\t\t\t\t\t<\/div>\n\t\t\t\t\t\t<\/div>\n\t\t\t\t<\/div>\n\t\t\t\t\t\t<\/div>\n\t\t\t\t\t<\/div>\n\t\t<\/div>\n\t\t\t\t\t\t\t\t<\/div>\n\t\t\t\t\t<\/div>\n\t\t<\/section>\n\t\t\t\t<section class=\"has_ae_slider elementor-section elementor-top-section elementor-element elementor-element-945e5aa elementor-section-boxed elementor-section-height-default elementor-section-height-default ae-bg-gallery-type-default\" data-id=\"945e5aa\" data-element_type=\"section\">\n\t\t\t\t\t\t<div class=\"elementor-container elementor-column-gap-default\">\n\t\t\t\t\t\t\t<div class=\"elementor-row\">\n\t\t\t\t\t<div class=\"has_ae_slider elementor-column elementor-col-50 elementor-top-column elementor-element elementor-element-b046565 ae-bg-gallery-type-default\" data-id=\"b046565\" data-element_type=\"column\">\n\t\t\t<div class=\"elementor-column-wrap elementor-element-populated\">\n\t\t\t\t\t\t\t<div class=\"elementor-widget-wrap\">\n\t\t\t\t\t\t<div class=\"elementor-element elementor-element-73bda0a elementor-widget elementor-widget-image\" data-id=\"73bda0a\" data-element_type=\"widget\" data-widget_type=\"image.default\">\n\t\t\t\t<div class=\"elementor-widget-container\">\n\t\t\t\t\t\t\t\t<div class=\"elementor-image\">\n\t\t\t\t\t\t\t\t\t<figure class=\"wp-caption\">\n\t\t\t\t\t\t\t\t\t\t\t<a href=\"https:\/\/lunelli.com.br\/site\/wp-content\/uploads\/2024\/04\/Codigo-de-Conduta-de-Fornecedores-Espanhol-capa.jpg\" data-elementor-open-lightbox=\"yes\" data-elementor-lightbox-title=\"C\u00f3digo de Conduta de Fornecedores - Espanhol (capa)\">\n\t\t\t\t\t\t\t<img loading=\"lazy\" decoding=\"async\" width=\"211\" height=\"300\" src=\"https:\/\/lunelli.com.br\/site\/wp-content\/uploads\/2024\/04\/Codigo-de-Conduta-de-Fornecedores-Espanhol-capa-211x300.jpg\" class=\"attachment-medium size-medium\" alt=\"\" srcset=\"https:\/\/lunelli.com.br\/site\/wp-content\/uploads\/2024\/04\/Codigo-de-Conduta-de-Fornecedores-Espanhol-capa-211x300.jpg 211w, https:\/\/lunelli.com.br\/site\/wp-content\/uploads\/2024\/04\/Codigo-de-Conduta-de-Fornecedores-Espanhol-capa-722x1024.jpg 722w, https:\/\/lunelli.com.br\/site\/wp-content\/uploads\/2024\/04\/Codigo-de-Conduta-de-Fornecedores-Espanhol-capa-768x1089.jpg 768w, https:\/\/lunelli.com.br\/site\/wp-content\/uploads\/2024\/04\/Codigo-de-Conduta-de-Fornecedores-Espanhol-capa-1083x1536.jpg 1083w, https:\/\/lunelli.com.br\/site\/wp-content\/uploads\/2024\/04\/Codigo-de-Conduta-de-Fornecedores-Espanhol-capa-1444x2048.jpg 1444w, https:\/\/lunelli.com.br\/site\/wp-content\/uploads\/2024\/04\/Codigo-de-Conduta-de-Fornecedores-Espanhol-capa.jpg 1749w\" sizes=\"auto, (max-width: 211px) 100vw, 211px\" \/>\t\t\t\t\t\t\t\t<\/a>\n\t\t\t\t\t\t\t\t\t\t\t<figcaption class=\"widget-image-caption wp-caption-text\"><\/figcaption>\n\t\t\t\t\t\t\t\t\t\t<\/figure>\n\t\t\t\t\t\t\t\t<\/div>\n\t\t\t\t\t\t<\/div>\n\t\t\t\t<\/div>\n\t\t\t\t\t\t<\/div>\n\t\t\t\t\t<\/div>\n\t\t<\/div>\n\t\t\t\t<div class=\"has_ae_slider elementor-column elementor-col-50 elementor-top-column elementor-element elementor-element-9b6866b ae-bg-gallery-type-default\" data-id=\"9b6866b\" data-element_type=\"column\">\n\t\t\t<div class=\"elementor-column-wrap elementor-element-populated\">\n\t\t\t\t\t\t\t<div class=\"elementor-widget-wrap\">\n\t\t\t\t\t\t<div class=\"elementor-element elementor-element-096225c elementor-align-center elementor-widget elementor-widget-button\" data-id=\"096225c\" data-element_type=\"widget\" data-widget_type=\"button.default\">\n\t\t\t\t<div class=\"elementor-widget-container\">\n\t\t\t\t\t<div class=\"elementor-button-wrapper\">\n\t\t\t<a href=\"https:\/\/lunelli.com.br\/site\/wp-content\/uploads\/2024\/05\/Codigo-de-Conduta-de-Fornecedores-Espanhol.pdf\" class=\"elementor-button-link elementor-button elementor-size-sm\" role=\"button\">\n\t\t\t\t\t\t<span class=\"elementor-button-content-wrapper\">\n\t\t\t\t\t\t<span class=\"elementor-button-text\">C\u00f3digo de Conducta para Proveedores y Socios<\/span>\n\t\t<\/span>\n\t\t\t\t\t<\/a>\n\t\t<\/div>\n\t\t\t\t<\/div>\n\t\t\t\t<\/div>\n\t\t\t\t\t\t<\/div>\n\t\t\t\t\t<\/div>\n\t\t<\/div>\n\t\t\t\t\t\t\t\t<\/div>\n\t\t\t\t\t<\/div>\n\t\t<\/section>\n\t\t\t\t<section class=\"has_ae_slider elementor-section elementor-top-section elementor-element elementor-element-2f83e3f elementor-section-boxed elementor-section-height-default elementor-section-height-default ae-bg-gallery-type-default\" data-id=\"2f83e3f\" data-element_type=\"section\">\n\t\t\t\t\t\t<div class=\"elementor-container elementor-column-gap-default\">\n\t\t\t\t\t\t\t<div class=\"elementor-row\">\n\t\t\t\t\t<div class=\"has_ae_slider elementor-column elementor-col-100 elementor-top-column elementor-element elementor-element-dad17a3 ae-bg-gallery-type-default\" data-id=\"dad17a3\" data-element_type=\"column\">\n\t\t\t<div class=\"elementor-column-wrap elementor-element-populated\">\n\t\t\t\t\t\t\t<div class=\"elementor-widget-wrap\">\n\t\t\t\t\t\t<div class=\"elementor-element elementor-element-b5f6562 elementor-widget elementor-widget-text-editor\" data-id=\"b5f6562\" data-element_type=\"widget\" data-widget_type=\"text-editor.default\">\n\t\t\t\t<div class=\"elementor-widget-container\">\n\t\t\t\t\t\t\t\t<div class=\"elementor-text-editor elementor-clearfix\">\n\t\t\t\t<p><span lang=\"es-419\">Queremos guiarles a todos a trav\u00e9s de buenos ejemplos. Junto a nuestros empleados, representantes, clientes, franquiciados, proveedores y todas las partes interesadas, tenemos la capacidad de ser protagonistas y transformar el mundo que nos rodea.<\/span><\/p><p><span lang=\"es-419\">Contamos con usted para seguir generando cambios positivos en el mundo y creando moda que d\u00e9 sentido a la vida de quienes eligen usarla.<\/span><\/p>\t\t\t\t\t<\/div>\n\t\t\t\t\t\t<\/div>\n\t\t\t\t<\/div>\n\t\t\t\t\t\t<\/div>\n\t\t\t\t\t<\/div>\n\t\t<\/div>\n\t\t\t\t\t\t\t\t<\/div>\n\t\t\t\t\t<\/div>\n\t\t<\/section>\n\t\t\t\t\t\t<\/div>\n\t\t\t\t\t\t<\/div>\n\t\t\t\t\t<\/div>\n\t\t","protected":false},"excerpt":{"rendered":"<p>El C\u00f3digo de Conducta de Lunelli se elabor\u00f3 con base en nuestra ideolog\u00eda, valores y principios. El documento orienta nuestra conducta profesional y establece los est\u00e1ndares y actitudes que se consideran apropiadas para promover un excelente entorno laboral. Organizado en tres temas principales \u2013Medioambiente, Social y Gobernanza\u2013, el C\u00f3digo de Conducta refleja los tres pilares [&hellip;]<\/p>\n","protected":false},"author":6,"featured_media":0,"parent":0,"menu_order":0,"comment_status":"closed","ping_status":"closed","template":"","meta":{"footnotes":""},"class_list":["post-5069","page","type-page","status-publish","hentry","entry"],"_links":{"self":[{"href":"https:\/\/lunelli.com.br\/site\/index.php\/wp-json\/wp\/v2\/pages\/5069","targetHints":{"allow":["GET"]}}],"collection":[{"href":"https:\/\/lunelli.com.br\/site\/index.php\/wp-json\/wp\/v2\/pages"}],"about":[{"href":"https:\/\/lunelli.com.br\/site\/index.php\/wp-json\/wp\/v2\/types\/page"}],"author":[{"embeddable":true,"href":"https:\/\/lunelli.com.br\/site\/index.php\/wp-json\/wp\/v2\/users\/6"}],"replies":[{"embeddable":true,"href":"https:\/\/lunelli.com.br\/site\/index.php\/wp-json\/wp\/v2\/comments?post=5069"}],"version-history":[{"count":0,"href":"https:\/\/lunelli.com.br\/site\/index.php\/wp-json\/wp\/v2\/pages\/5069\/revisions"}],"wp:attachment":[{"href":"https:\/\/lunelli.com.br\/site\/index.php\/wp-json\/wp\/v2\/media?parent=5069"}],"curies":[{"name":"wp","href":"https:\/\/api.w.org\/{rel}","templated":true}]}}